e 5?
1041
-112 (base 15) to base 13
-158
3 (base 14) to base 9
3
Convert 17 (base 11) to base 4.
102
Convert -2 (base 10) to base 8.
-2
Convert -154 (base 13) to base 10.
-238
-46 (base 10) to base 4
-232
What is -1 (base 11) in base 15?
-1
Convert 106 (base 14) to base 11.
174
Convert -5 (base 8) to base 5.
-10
What is -b (base 13) in base 15?
-b
Convert 8 (base 12) to base 13.
8
-1000 (base 2) to base 7
-11
What is 1 (base 14) in base 8?
1
Convert 14 (base 10) to base 14.
10
Convert 1110 (base 2) to base 10.
14
Convert 100011 (base 2) to base 3.
1022
Convert -3 (base 16) to base 12.
-3
What is -15 (base 9) in base 16?
-e
7 (base 12) to base 14
7
Convert 10 (base 11) to base 16.
b
What is -6 (base 16) in base 13?
-6
64 (base 8) to base 15
37
-3 (base 5) to base 10
-3
Convert -102 (base 3) to base 11.
-10
134 (base 12) to base 9
224
Convert 1000 (base 5) to base 3.
11122
101011 (base 2) to base 11
3a
What is 211 (base 5) in base 15?
3b
What is -144 (base 7) in base 8?
-121
What is 11211 (base 3) in base 12?
aa
236 (base 11) to base 13
188
What is -1 (base 3) in base 9?
-1
25 (base 7) to base 6
31
Convert -17 (base 14) to base 16.
-15
-1 (base 9) to base 3
-1
What is -5 (base 7) in base 13?
-5
What is -1 (base 8) in base 3?
-1
Convert 34 (base 13) to base 14.
31
Convert -7 (base 11) to base 2.
-111
50 (base 11) to base 16
37
What is 40 (base 7) in base 4?
130
What is -77 (base 15) in base 7?
-220
-1 (base 8) to base 10
-1
What is 85 (base 14) in base 8?
165
-1 (base 4) to base 11
-1
Convert -12 (base 9) to base 5.
-21
What is -10 (base 3) in base 13?
-3
What is -c (base 15) in base 3?
-110
What is -10210 (base 3) in base 13?
-7b
Convert 5 (base 15) to base 11.
5
Convert 0 (base 9) to base 16.
0
-c3 (base 13) to base 2
-10011111
-10 (base 2) to base 5
-2
What is -311 (base 4) in base 14?
-3b
-11 (base 6) to base 11
-7
Convert 6a (base 12) to base 16.
52
What is -35 (base 7) in base 13?
-20
3 (base 9) to base 5
3
6 (base 9) to base 8
6
4 (base 15) to base 16
4
-3 (base 9) to base 7
-3
-10 (base 14) to base 10
-14
What is -252 (base 9) in base 14?
-10d
-21 (base 4) to base 5
-14
Convert -13a (base 16) to base 10.
-314
Convert -24 (base 5) to base 14.
-10
10 (base 2) to base 11
2
Convert -3 (base 14) to base 7.
-3
What is -43 (base 8) in base 9?
-38
-5 (base 11) to base 16
-5
-12 (base 15) to base 13
-14
Convert -52 (base 7) to base 2.
-100101
17 (base 13) to base 14
16
Convert -2 (base 12) to base 9.
-2
Convert 87 (base 12) to base 10.
103
Convert -110011 (base 2) to base 10.
-51
Convert 0 (base 9) to base 7.
0
What is 1 (base 16) in base 15?
1
Convert -21 (base 7) to base 12.
-13
What is -10 (base 7) in base 8?
-7
Convert 11101010 (base 2) to base 4.
3222
217 (base 10) to base 14
117
-20 (base 14) to base 16
-1c
Convert -9 (base 10) to base 5.
-14
Convert -1 (base 7) to base 12.
-1
Convert 3 (base 10) to base 16.
3
What is 5 (base 12) in base 8?
5
146 (base 15) to base 5
2131
What is 1 (base 3) in base 11?
1
Convert 8 (base 16) to base 9.
8
What is -6 (base 7) in base 12?
-6
What is 2 (base 4) in base 9?
2
Convert -51 (base 11) to base 3.
-2002
What is 111010 (base 3) in base 5?
2404
-41 (base 16) to base 13
-50
What is 440 (base 6) in base 13?
cc
What is -4 (base 10) in base 5?
-4
What is 2 (base 3) in base 4?
2
Convert -3 (base 14) to base 13.
-3
Convert 120 (base 3) to base 7.
21
-2 (base 11) to base 6
-2
What is 5 (base 16) in base 4?
11
-1 (base 10) to base 8
-1
Convert -416 (base 7) to base 15.
-de
Convert 9 (base 16) to base 15.
9
Convert -71 (base 9) to base 13.
-4c
Convert 1001 (base 2) to base 7.
12
What is -1ac (base 15) in base 9?
-470
-2212 (base 3) to base 5
-302
Convert -144 (base 12) to base 5.
-1241
-2 (base 16) to base 6
-2
What is -30 (base 10) in base 16?
-1e
Convert a (base 16) to base 12.
a
-4 (base 5) to base 8
-4
What is -15 (base 14) in base 4?
-103
-2 (base 12) to base 6
-2
-161 (base 8) to base 5
-423
Convert 2 (base 6) to base 15.
2
-128 (base 14) to base 7
-451
1122 (base 3) to base 9
48
What is -12 (base 9) in base 7?
-14
-105 (base 9) to base 14
-62
What is -34 (base 8) in base 7?
-40
Convert -2 (base 4) to base 14.
-2
Convert 2 (base 6) to base 4.
2
Convert 212 (base 3) to base 13.
1a
-226 (base 7) to base 8
-166
33 (base 5) to base 10
18
Convert 43 (base 5) to base 9.
25
Convert -36 (base 9) to base 8.
-41
-49 (base 12) to base 7
-111
-91 (base 15) to base 7
-253
59 (base 12) to base 8
105
Convert -22 (base 7) to base 2.
-10000
Convert -16 (base 9) to base 7.
-21
-1 (base 16) to base 3
-1
What is 2 (base 16) in base 13?
2
aa (base 12) to base 10
130
Convert -114 (base 8) to base 7.
-136
-11 (base 4) to base 6
-5
What is 16 (base 16) in base 14?
18
Convert -121 (base 3) to base 8.
-20
Convert 1222 (base 4) to base 6.
254
-11 (base 14) to base 5
-30
Convert bb (base 16) to base 2.
10111011
7 (base 13) to base 2
111
Convert 27 (base 9) to base 16.
19
Convert -1c (base 14) to base 9.
-28
-2000 (base 3) to base 14
-3c
-205 (base 8) to base 12
-b1
What is 11 (base 9) in base 13?
a
Convert 11 (base 3) to base 15.
4
What is 510 (base 7) in base 3?
100100
Convert 2 (base 8) to base 3.
2
What is 100 (base 7) in base 10?
49
What is 78 (base 10) in base 5?
303
What is -82 (base 12) in base 16?
-62
What is 5 (base 13) in base 6?
5
What is 15 (base 7) in base 16?
c
Convert 1000000 (base 2) to base 4.
1000
120 (base 5) to base 4
203
111101 (base 2) to base 12
51
What is -1033 (base 5) in base 12?
-bb
Convert -138 (base 12) to base 5.
-1223
Convert -13 (base 9) to base 13.
-c
-7 (base 13) to base 15
-7
Convert 4d (base 14) to base 8.
105
What is -ca (base 16) in base 9?
-244
Convert 2 (base 4) to base 14.
2
14 (base 8) to base 5
22
What is -f (base 16) in base 4?
-33
Convert 1 (base 16) to base 6.
1
What is -340 (base 9) in base 3?
-101100
What is 8 (base 13) in base 16?
8
What is -1 (base 5) in base 10?
-1
Convert -89 (base 10) to base 12.
-75
Convert 0 (base 4) to base 10.
0
-2a (base 12) to base 13
-28
Convert -188 (base 12) to base 15.
-118
What is -5 (base 10) in base 11?
-5
What is 1 (base 14) in base 15?
1
513 (base 7) to base 14
143
Convert 100011 (base 2) to base 7.
50
What is 125 (base 10) in base 15?
85
What is -30 (base 12) in base 5?
-121
Convert 4 (base 7) to base 6.
4
What is -b (base 14) in base 6?
-15
Convert -427 (base 8) to base 16.
-117
Convert -10 (base 13) to base 6.
-21
-110111 (base 2) to base 15
-3a
What is -2 (base 13) in base 14?
-2
-1 (base 4) to base 8
-1
Convert 9 (base 10) to base 12.
9
3 (base 12) to base 10
3
Convert 20 (base 10) to base 13.
17
What is 1 (base 5) in base 15?
1
-161 (base 7) to base 6
-232
Convert -1211 (base 3) to base 16.
-31
-1001 (base 2) to base 16
-9
What is 111 (base 2) in base 7?
10
Convert -131 (base 7) to base 14.
-51
What is -10 (base 8) in base 13?
-8
Convert 6 (base 11) to base 14.
6
Convert 35 (base 13) to base 8.
54
Convert -c (base 15) to base 7.
-15
5 (base 15) to base 2
101
What is 1 (base 13) in base 12?
1
What is b (base 15) in base 6?
15
6b (base 12) to base 4
1103
Convert 1001 (base 2) to base 14.
9
What is 5 (base 10) in base 3?
12
-19 (base 10) to base 8
-23
313 (base 5) to base 2
1010011
Convert -202 (base 4) to base 14.
-26
0 (base 6) to base 8
0
-106 (base 7) to base 11
-50
1 (base 2) to base 9
1
-111 (base 8) to base 16
-49
What is 2 (base 7) in base 3?
2
What is -14 (base 11) in base 15?
-10
What is 1 (base 14) in base 6?
1
Convert 2132 (base 4) to base 15.
a8
Convert -a (base 14) to base 15.
-a
-200 (base 6) to base 2
-1001000
11 (base 3) to base 5
4
Convert -101 (base 2) to base 12.
-5
33 (base 4) to base 13
12
-29 (base 16) to base 3
-1112
Convert 0 (base 3) to base 2.
0
-3 (base 6) to base 12
-3
Convert -3001 (base 4) to base 10.
-193
What is 4 (base 5) in base 12?
4
What is -111 (base 2) in base 14?
-7
What is 34 (base 13) in base 12?
37
-33 (base 12) to base 6
-103
What is 1 (base 12) in base 4?
1
Convert -31 (base 4) to base 3.
-111
Convert -5 (base 14) to base 5.
-10
What is -112 (base 4) in base 12?
-1a
What is 18 (base 15) in base 13?
1a
Convert -13 (base 8) to base 7.
-14
-203 (base 5) to base 9
-58
-2133 (base 4) to base 13
-c3
-4 (base 15) to base 4
-10
56 (base 12) to base 11
60
-7c (base 16) to base 5
-444
-7 (base 14) to base 6
-11
